{"id":9,"date":"2023-11-01T09:49:24","date_gmt":"2023-11-01T09:49:24","guid":{"rendered":"https:\/\/www.cofradiavirgenperegrina.com\/?page_id=9"},"modified":"2023-11-07T23:15:09","modified_gmt":"2023-11-07T23:15:09","slug":"test-1","status":"publish","type":"page","link":"https:\/\/www.cofradiavirgenperegrina.com\/index.php\/test-1\/","title":{"rendered":"Estatutos"},"content":{"rendered":"\n<p>En sus or\u00edgenes,&nbsp;<strong>la Cofrad\u00eda de N\u00aa S\u00aa del Refugio, \u00abLa Divina Peregrina\u00bb<\/strong>&nbsp;de Pontevedra se reg\u00eda por las disposiciones emanadas del Concilio de Trento de 1562, de forma que estaba regida por un Mayordomo, varios Diputados, un Administrador y un Tesorero. As\u00ed estaba reflejada esta composici\u00f3n por la Junta General de 9 de agosto de 1777. A partir de la promulgaci\u00f3n en 1917 del C\u00f3digo de Derecho Can\u00f3nico, las Cofrad\u00edas pasan a ser regidas por un Presidente, un Secretario y varios Vocales, uno de los cuales har\u00e1 la funci\u00f3n de Tesorero.<\/p>\n\n\n\n<p>Los actuales&nbsp;<strong>Estatutos de la Cofrad\u00eda de N\u00aa S\u00aa del Refugio, \u00abLa Divina Peregrina\u00bb<\/strong>&nbsp;han sido revisados para su adaptaci\u00f3n a las vigentes normas del nuevo C\u00f3digo de Derecho Can\u00f3nico de 1983 y de la Conferencia Episcopal Espa\u00f1ola, y aprobados por el entonces Arzobispo de Santiago, D. Antonio M\u00aa Rouco Varela, en Febrero de 1988.<\/p>\n\n\n\n<p>Los estatutos abarcan todos aquellos aspectos que definen los fines y objetivos de la Cofrad\u00eda, los derechos y obligaciones de sus miembros, el R\u00e9gimen de Bienes y las Gracias Espirituales. De acuerdo con los estatutos, la Cofrad\u00eda est\u00e1 regida can\u00f3nicamente por la autoridad Eclesi\u00e1stica competente, poseyendo personalidad jur\u00eddica propia y sede en la ciudad de Pontevedra.<\/p>\n\n\n\n<p>El templo tiene car\u00e1cter y derechos propios de Iglesia a tenor del canon 1.214, y est\u00e1 sometido a la jurisdicci\u00f3n y vigilancia del Ordinario del lugar, quien tiene el derecho de visitarlo. En dicho templo, como lugar Sagrado, podr\u00e1n celebrarse todas las sagradas funciones que no est\u00e9n reservadas can\u00f3nicamente a la Iglesia Parroquial.<\/p>\n","protected":false},"excerpt":{"rendered":"<p>En sus or\u00edgenes,&nbsp;la Cofrad\u00eda de N\u00aa S\u00aa del Refugio, \u00abLa Divina Peregrina\u00bb&nbsp;de Pontevedra se reg\u00eda por las disposiciones emanadas del Concilio de Trento de 1562, de forma que estaba regida por un Mayordomo, varios Diputados, un Administrador y un Tesorero. As\u00ed estaba reflejada esta composici\u00f3n por la Junta General de 9 de agosto de 1777&#8230;.<\/p>\n","protected":false},"author":1,"featured_media":0,"parent":0,"menu_order":0,"comment_status":"closed","ping_status":"closed","template":"","meta":{"footnotes":""},"class_list":["post-9","page","type-page","status-publish","hentry"],"_links":{"self":[{"href":"https:\/\/www.cofradiavirgenperegrina.com\/index.php\/wp-json\/wp\/v2\/pages\/9","targetHints":{"allow":["GET"]}}],"collection":[{"href":"https:\/\/www.cofradiavirgenperegrina.com\/index.php\/wp-json\/wp\/v2\/pages"}],"about":[{"href":"https:\/\/www.cofradiavirgenperegrina.com\/index.php\/wp-json\/wp\/v2\/types\/page"}],"author":[{"embeddable":true,"href":"https:\/\/www.cofradiavirgenperegrina.com\/index.php\/wp-json\/wp\/v2\/users\/1"}],"replies":[{"embeddable":true,"href":"https:\/\/www.cofradiavirgenperegrina.com\/index.php\/wp-json\/wp\/v2\/comments?post=9"}],"version-history":[{"count":2,"href":"https:\/\/www.cofradiavirgenperegrina.com\/index.php\/wp-json\/wp\/v2\/pages\/9\/revisions"}],"predecessor-version":[{"id":46,"href":"https:\/\/www.cofradiavirgenperegrina.com\/index.php\/wp-json\/wp\/v2\/pages\/9\/revisions\/46"}],"wp:attachment":[{"href":"https:\/\/www.cofradiavirgenperegrina.com\/index.php\/wp-json\/wp\/v2\/media?parent=9"}],"curies":[{"name":"wp","href":"https:\/\/api.w.org\/{rel}","templated":true}]}}